{"id":5532,"date":"2021-09-02T12:57:35","date_gmt":"2021-09-02T10:57:35","guid":{"rendered":"http:\/\/adopteunpervers.fr\/?page_id=5532"},"modified":"2023-01-14T10:13:32","modified_gmt":"2023-01-14T08:13:32","slug":"projets-en-cours","status":"publish","type":"page","link":"http:\/\/adopteunpervers.fr\/?page_id=5532","title":{"rendered":"Projets en cours"},"content":{"rendered":"<p><img loading=\"lazy\" decoding=\"async\" class=\"size-full wp-image-5533 aligncenter\" src=\"http:\/\/adopteunpervers.fr\/wp-content\/uploads\/2021\/09\/logo-eroge.png\" alt=\"\" width=\"770\" height=\"377\" srcset=\"http:\/\/adopteunpervers.fr\/wp-content\/uploads\/2021\/09\/logo-eroge.png 770w, http:\/\/adopteunpervers.fr\/wp-content\/uploads\/2021\/09\/logo-eroge-300x147.png 300w, http:\/\/adopteunpervers.fr\/wp-content\/uploads\/2021\/09\/logo-eroge-768x376.png 768w\" sizes=\"(max-width: 770px) 100vw, 770px\" \/><\/p>\n<hr \/>\n<h1><span style=\"color: #629e4a;\"><strong>K\u00e9sako ?<\/strong><\/span><\/h1>\n<p>Cette page a pour unique but de proposer certains scans et jeux qui \u00e9volueront de mani\u00e8re lente pour diverses raisons comme l&rsquo;envie et les disponibilit\u00e9s al\u00e9atoires de certains membres du groupe. Il arrive parfois que des scans pourrissent sur un disque dur durant des mois avant de sortir car il reste quelques pages \u00e0 faire ou une correction qui se veut lente pour les raisons cit\u00e9es plus haut. La vie passe avant toute chose il faut le comprendre et l&rsquo;accepter. La perte d&rsquo;int\u00e9r\u00eat pour un projet est aussi une raison qui fait que ce dernier ne progresse pas ou plus du tout.<br \/>\nGarder cette page active r\u00e9guli\u00e8rement permettra d&rsquo;ailleurs de r\u00e9agir de votre c\u00f4t\u00e9. Des encouragements, un merci ou juste un petit coucou peuvent relancer la machine et redonner un gain de motivation et d&rsquo;\u00e9nergie \u00e0 nos camarades qui oseraient faire autre chose de leur c\u00f4t\u00e9. Genre&#8230; avoir une vie sociale (ouais, c&rsquo;est honteux). Enfin voil\u00e0, on s&rsquo;active, on partage un maximum de choses de plusieurs mani\u00e8res pour offrir autant de contenu que possible.<\/p>\n<hr \/>\n<h1 style=\"text-align: center;\"><span style=\"color: #40bfae;\"><strong>SECTION CG<\/strong><\/span><\/h1>\n<p><a href=\"http:\/\/adopteunpervers.fr\/?page_id=5539\" target=\"_blank\" rel=\"noopener\"><img loading=\"lazy\" decoding=\"async\" class=\"aligncenter wp-image-5537 size-full\" src=\"http:\/\/adopteunpervers.fr\/wp-content\/uploads\/2021\/09\/gotokozukuri.png\" alt=\"\" width=\"500\" height=\"180\" srcset=\"http:\/\/adopteunpervers.fr\/wp-content\/uploads\/2021\/09\/gotokozukuri.png 500w, http:\/\/adopteunpervers.fr\/wp-content\/uploads\/2021\/09\/gotokozukuri-300x108.png 300w\" sizes=\"(max-width: 500px) 100vw, 500px\" \/><\/a><a href=\"http:\/\/adopteunpervers.fr\/?page_id=5556\"><img loading=\"lazy\" decoding=\"async\" class=\"aligncenter wp-image-5555 size-full\" src=\"http:\/\/adopteunpervers.fr\/wp-content\/uploads\/2021\/09\/befter.png\" alt=\"\" width=\"500\" height=\"180\" srcset=\"http:\/\/adopteunpervers.fr\/wp-content\/uploads\/2021\/09\/befter.png 500w, http:\/\/adopteunpervers.fr\/wp-content\/uploads\/2021\/09\/befter-300x108.png 300w\" sizes=\"(max-width: 500px) 100vw, 500px\" \/><\/a><\/p>\n<hr \/>\n<hr \/>\n<h1 style=\"text-align: center;\"><span style=\"color: #40bfae;\"><strong>SECTION SCANS<\/strong><\/span><\/h1>\n<p><a href=\"https:\/\/imgur.com\/a\/QHbMQVE\" target=\"_blank\" rel=\"noopener\" data-wp-editing=\"1\">\u00a0<img loading=\"lazy\" decoding=\"async\" class=\"aligncenter wp-image-5762 size-full\" src=\"http:\/\/adopteunpervers.fr\/wp-content\/uploads\/2022\/01\/kaori38.jpg\" alt=\"\" width=\"214\" height=\"300\" \/><\/a> <a href=\"https:\/\/imgur.com\/a\/jqbn0fa\" target=\"_blank\" rel=\"noopener\"><img loading=\"lazy\" decoding=\"async\" class=\"aligncenter wp-image-5766 size-full\" src=\"http:\/\/adopteunpervers.fr\/wp-content\/uploads\/2022\/01\/modympho.jpg\" alt=\"\" width=\"214\" height=\"300\" \/><\/a><br \/>\n<a href=\"https:\/\/imgur.com\/a\/RJY3wT7\" target=\"_blank\" rel=\"noopener\"><img loading=\"lazy\" decoding=\"async\" class=\"aligncenter wp-image-5764 size-full\" src=\"http:\/\/adopteunpervers.fr\/wp-content\/uploads\/2022\/01\/japoserv.jpg\" alt=\"\" width=\"424\" height=\"300\" srcset=\"http:\/\/adopteunpervers.fr\/wp-content\/uploads\/2022\/01\/japoserv.jpg 424w, http:\/\/adopteunpervers.fr\/wp-content\/uploads\/2022\/01\/japoserv-300x212.jpg 300w\" sizes=\"(max-width: 424px) 100vw, 424px\" \/><\/a><\/p>\n<p><a href=\"https:\/\/imgur.com\/a\/xAxJOk3\" target=\"_blank\" rel=\"noopener\"><img loading=\"lazy\" decoding=\"async\" class=\"aligncenter wp-image-5768 size-full\" src=\"http:\/\/adopteunpervers.fr\/wp-content\/uploads\/2022\/01\/harembue.jpg\" alt=\"\" width=\"214\" height=\"300\" \/><\/a><\/p>\n<p>\u2605 <a href=\"https:\/\/imgur.com\/a\/FsUoObb\" rel=\"noopener\" target=\"_blank\">[Fuguta-ke] Kyonyuu Kanojo ni Hitasura Shibori Toraremakuru Hanashi<\/a> (Jap\/fr) : Le projet a \u00e9t\u00e9 licenci\u00e9 par <em>Irodori<\/em>, donc possible qu&rsquo;il soit reprit une fois la version anglaise dispo.<br \/>\n\u2605<br \/>\n\u2605<br \/>\n\u2605<br \/>\n\u2605<br \/>\n\u2605<br \/>\n\u2605<br \/>\n\u2605<br \/>\n\u2605<br \/>\n\u2605<br \/>\n\u2605<br \/>\n\u2605<br \/>\n\u2605<br \/>\n\u2605 <\/p>\n","protected":false},"excerpt":{"rendered":"<p>&#46;&#46;&#46;<\/p>\n","protected":false},"author":1,"featured_media":0,"parent":0,"menu_order":0,"comment_status":"open","ping_status":"open","template":"","meta":{"footnotes":""},"_links":{"self":[{"href":"http:\/\/adopteunpervers.fr\/index.php?rest_route=\/wp\/v2\/pages\/5532"}],"collection":[{"href":"http:\/\/adopteunpervers.fr\/index.php?rest_route=\/wp\/v2\/pages"}],"about":[{"href":"http:\/\/adopteunpervers.fr\/index.php?rest_route=\/wp\/v2\/types\/page"}],"author":[{"embeddable":true,"href":"http:\/\/adopteunpervers.fr\/index.php?rest_route=\/wp\/v2\/users\/1"}],"replies":[{"embeddable":true,"href":"http:\/\/adopteunpervers.fr\/index.php?rest_route=%2Fwp%2Fv2%2Fcomments&post=5532"}],"version-history":[{"count":14,"href":"http:\/\/adopteunpervers.fr\/index.php?rest_route=\/wp\/v2\/pages\/5532\/revisions"}],"predecessor-version":[{"id":6161,"href":"http:\/\/adopteunpervers.fr\/index.php?rest_route=\/wp\/v2\/pages\/5532\/revisions\/6161"}],"wp:attachment":[{"href":"http:\/\/adopteunpervers.fr\/index.php?rest_route=%2Fwp%2Fv2%2Fmedia&parent=5532"}],"curies":[{"name":"wp","href":"https:\/\/api.w.org\/{rel}","templated":true}]}}