{"id":4729,"date":"2017-05-04T21:08:06","date_gmt":"2017-05-04T19:08:06","guid":{"rendered":"http:\/\/adopteunpervers.fr\/?page_id=4729"},"modified":"2021-08-23T08:45:09","modified_gmt":"2021-08-23T07:45:09","slug":"kangoku-senkan","status":"publish","type":"page","link":"http:\/\/adopteunpervers.fr\/?page_id=4729","title":{"rendered":"Kangoku Senkan"},"content":{"rendered":"<div style=\"text-align: center;\">\n<p><img loading=\"lazy\" decoding=\"async\" class=\"alignnone size-full wp-image-4725\" src=\"http:\/\/adopteunpervers.fr\/wp-content\/uploads\/2017\/05\/kangoku.png\" alt=\"\" width=\"400\" height=\"280\" srcset=\"http:\/\/adopteunpervers.fr\/wp-content\/uploads\/2017\/05\/kangoku.png 400w, http:\/\/adopteunpervers.fr\/wp-content\/uploads\/2017\/05\/kangoku-300x210.png 300w\" sizes=\"(max-width: 400px) 100vw, 400px\" \/><\/p>\n<hr \/>\n<p><a href=\"http:\/\/imagetwist.com\/pxr6jmbhtkzh\/kangoku1.jpg\" target=\"_blank\" rel=\"noopener noreferrer\"><img decoding=\"async\" src=\"http:\/\/img162.imagetwist.com\/th\/15464\/pxr6jmbhtkzh.jpg\" border=\"0\" \/><\/a> <a href=\"http:\/\/imagetwist.com\/b6lohv2b9ox7\/kangoku2.jpg\" target=\"_blank\" rel=\"noopener noreferrer\"><img decoding=\"async\" src=\"http:\/\/img162.imagetwist.com\/th\/15464\/b6lohv2b9ox7.jpg\" border=\"0\" \/><\/a> <a href=\"http:\/\/imagetwist.com\/za32mqvm8icx\/kangoku3.jpg\" target=\"_blank\" rel=\"noopener noreferrer\"><img decoding=\"async\" src=\"http:\/\/img162.imagetwist.com\/th\/15464\/za32mqvm8icx.jpg\" border=\"0\" \/><\/a><\/p>\n<\/div>\n<hr \/>\n<div style=\"text-align: center;\"><em><strong>Traduction (~36%)\u00a0 : <span style=\"color: #800000;\">Hentai-kun <span style=\"color: #000000;\">et<\/span> Adopte un pervers<br \/>\n<\/span><\/strong><\/em><\/div>\n<hr \/>\n<div style=\"text-align: center;\"><span style=\"color: #bd3737;\"><strong>R\u00e9sum\u00e9<\/strong><\/span> : Lieri et Naomi ont pour mission de rejoindre la Terre pour d\u00e9noncer un complot interplan\u00e9taire. Cependant, le capitaine du vaisseau dans lequel elles vont voyager est un membre du groupe criminel qu&rsquo;elles veulent d\u00e9manteler et qu&rsquo;il a une rancune personnelle contre les deux jeunes femmes. Par ailleurs, son vaisseau poss\u00e8de une salle secr\u00e8te qui lui sert \u00e0 laver le cerveau de ses victimes. Et il compte bien s&rsquo;en servir.<\/div>\n<hr \/>\n<h2 style=\"text-align: center;\"><span style=\"color: #6379ba;\"><strong>TAGS<\/strong><\/span><\/h2>\n<div style=\"text-align: center;\">\n<p><a href=\"http:\/\/adopteunpervers.fr\/?tag=ahegao\"><img loading=\"lazy\" decoding=\"async\" class=\"alignnone wp-image-3803 size-full\" title=\"Ahegao : expression d\u2019extase plus pouss\u00e9e qu\u2019avec un simple orgasme.\" src=\"http:\/\/adopteunpervers.fr\/wp-content\/uploads\/2015\/09\/ahegao.jpg\" alt=\"ahegao\" width=\"45\" height=\"45\" \/><\/a><a href=\"http:\/\/adopteunpervers.fr\/?tag=branlette-espagnole\"><img loading=\"lazy\" decoding=\"async\" class=\"alignnone wp-image-3808 size-full\" title=\"Branlette espagnole : pratique sexuelle o\u00f9 la femme branle son partenaire avec sa poitrine.\" src=\"http:\/\/adopteunpervers.fr\/wp-content\/uploads\/2015\/09\/branesp.jpg\" alt=\"branesp\" width=\"45\" height=\"45\" \/><\/a><a href=\"http:\/\/adopteunpervers.fr\/?tag=bukkake\"><img loading=\"lazy\" decoding=\"async\" class=\"alignnone wp-image-3809 size-full\" title=\"Bukkake : pratiqu\u00e9 normalement en groupe, le bukkake est le terme utilis\u00e9 quand quelqu'un se retrouve couvert d\u2019une \u00e9norme quantit\u00e9 de semence.\" src=\"http:\/\/adopteunpervers.fr\/wp-content\/uploads\/2015\/09\/bukkake.jpg\" alt=\"bukkake\" width=\"45\" height=\"45\" \/><\/a><a href=\"http:\/\/adopteunpervers.fr\/?tag=fellation\"><img loading=\"lazy\" decoding=\"async\" class=\"alignnone wp-image-3800 size-full\" title=\"Fellation : acte consistant \u00e0 prendre le p\u00e9nis d'un homme dans la bouche pour le stimuler.\" src=\"http:\/\/adopteunpervers.fr\/wp-content\/uploads\/2016\/11\/fellation.jpg\" alt=\"fellation\" width=\"45\" height=\"45\" \/><\/a><a href=\"http:\/\/adopteunpervers.fr\/?tag=fille-soumise\"><img loading=\"lazy\" decoding=\"async\" class=\"alignnone wp-image-3818 size-full\" title=\"Fille soumise : femme qui se laisse dominer par les hommes.\" src=\"http:\/\/adopteunpervers.fr\/wp-content\/uploads\/2015\/09\/fillesoumise.jpg\" alt=\"fillesoumise\" width=\"45\" height=\"45\" \/><\/a><a href=\"http:\/\/adopteunpervers.fr\/?tag=gros-penis\"><img loading=\"lazy\" decoding=\"async\" class=\"alignnone wp-image-3822 size-full\" title=\"Gros p\u00e9nis : phallus de taille d\u00e9mesur\u00e9e.\" src=\"http:\/\/adopteunpervers.fr\/wp-content\/uploads\/2015\/09\/grospenis.jpg\" alt=\"grospenis\" width=\"45\" height=\"45\" \/><\/a><a href=\"http:\/\/adopteunpervers.fr\/?tag=gros-seins\"><img loading=\"lazy\" decoding=\"async\" class=\"alignnone wp-image-3778 size-full\" title=\"Gros seins : attributs mammaires qui ne laissent pas indiff\u00e9rents\" src=\"http:\/\/adopteunpervers.fr\/wp-content\/uploads\/2016\/11\/groseins.jpg\" alt=\"Gros seins\" width=\"45\" height=\"45\" \/><\/a><a href=\"http:\/\/adopteunpervers.fr\/?tag=hypnose\"><img loading=\"lazy\" decoding=\"async\" class=\"alignnone wp-image-3875 size-full\" title=\"Hypnose : personnage manipul\u00e9e par une force ext\u00e9rieure ou mystique.\" src=\"http:\/\/adopteunpervers.fr\/wp-content\/uploads\/2015\/09\/hypnose.jpg\" alt=\"hypnose\" width=\"45\" height=\"45\" \/><\/a><a href=\"http:\/\/adopteunpervers.fr\/?tag=infidelite\"><img loading=\"lazy\" decoding=\"async\" class=\"alignnone wp-image-3876 size-full\" title=\"Infid\u00e9lit\u00e9 : Rapport sexuel consenti en dehors du mariage.\" src=\"http:\/\/adopteunpervers.fr\/wp-content\/uploads\/2015\/09\/infid\u00e9lit\u00e9.jpg\" alt=\"infidelite\" width=\"45\" height=\"45\" \/><\/a><a href=\"http:\/\/adopteunpervers.fr\/?tag=nymphomane\"><img loading=\"lazy\" decoding=\"async\" class=\"alignnone wp-image-3888 size-full\" title=\"Nymphomane : femme pour qui le sexe est une drogue.\" src=\"http:\/\/adopteunpervers.fr\/wp-content\/uploads\/2015\/09\/nymphomane.jpg\" alt=\"nymphomane\" width=\"45\" height=\"45\" \/><\/a><a href=\"http:\/\/adopteunpervers.fr\/?tag=vierge\"><img loading=\"lazy\" decoding=\"async\" class=\"alignnone wp-image-3850 size-full\" title=\"Vierge : jeune femme n'ayant encore jamais eu de rapport sexuel.\" src=\"http:\/\/adopteunpervers.fr\/wp-content\/uploads\/2015\/09\/vierge.jpg\" alt=\"vierge\" width=\"45\" height=\"45\" \/><\/a><a href=\"http:\/\/adopteunpervers.fr\/?tag=viol\"><img loading=\"lazy\" decoding=\"async\" class=\"alignnone wp-image-3892 size-full\" title=\"Viol : rapport sexuel sous la contrainte physique ou psychologique.\" src=\"http:\/\/adopteunpervers.fr\/wp-content\/uploads\/2015\/09\/viol.jpg\" alt=\"viol\" width=\"45\" height=\"45\" \/><\/a><\/p>\n<\/div>\n<hr \/>\n<h2 style=\"text-align: center;\"><span style=\"color: #6379ba;\"><strong>Liens<br \/>\n<\/strong><\/span><\/h2>\n\n<div class=\"sp-wrap sp-wrap-orange\">\n<div class=\"sp-head\" title=\"Expand\">\nKangoku Senkan - Derni\u00e8re MAJ le 23\/08\/2021\n<\/div>\n<div class=\"sp-body folded\">\n<p>\n<span style=\"color: #008080;\"><strong>T\u00e9l\u00e9chargement<\/strong><\/span> : <strong><a href=\"https:\/\/uptobox.com\/qpxfq4e8d98o\" target=\"_blank\" rel=\"noopener\">UpToBox<\/a><\/strong> &#8211; <strong><a href=\"http:\/\/ul.to\/xcew94xq\" target=\"_blank\" rel=\"noopener\">Uploaded<\/a><\/strong> &#8211; <strong><a href=\"https:\/\/katfile.com\/bh6j9yjtdnav\/_7BA1P_7D_Kangoku_Senkan.zip.html\" target=\"_blank\" rel=\"noopener\">KatFiles<\/a><\/strong><\/p>\n<\/div>\n<\/div>\n\n<p><span style=\"color: #ffffff;\">.<\/span><\/p>\n","protected":false},"excerpt":{"rendered":"<p>&#46;&#46;&#46;<\/p>\n","protected":false},"author":1,"featured_media":0,"parent":0,"menu_order":0,"comment_status":"open","ping_status":"closed","template":"","meta":{"footnotes":""},"_links":{"self":[{"href":"http:\/\/adopteunpervers.fr\/index.php?rest_route=\/wp\/v2\/pages\/4729"}],"collection":[{"href":"http:\/\/adopteunpervers.fr\/index.php?rest_route=\/wp\/v2\/pages"}],"about":[{"href":"http:\/\/adopteunpervers.fr\/index.php?rest_route=\/wp\/v2\/types\/page"}],"author":[{"embeddable":true,"href":"http:\/\/adopteunpervers.fr\/index.php?rest_route=\/wp\/v2\/users\/1"}],"replies":[{"embeddable":true,"href":"http:\/\/adopteunpervers.fr\/index.php?rest_route=%2Fwp%2Fv2%2Fcomments&post=4729"}],"version-history":[{"count":4,"href":"http:\/\/adopteunpervers.fr\/index.php?rest_route=\/wp\/v2\/pages\/4729\/revisions"}],"predecessor-version":[{"id":5490,"href":"http:\/\/adopteunpervers.fr\/index.php?rest_route=\/wp\/v2\/pages\/4729\/revisions\/5490"}],"wp:attachment":[{"href":"http:\/\/adopteunpervers.fr\/index.php?rest_route=%2Fwp%2Fv2%2Fmedia&parent=4729"}],"curies":[{"name":"wp","href":"https:\/\/api.w.org\/{rel}","templated":true}]}}