{"id":4715,"date":"2017-05-04T19:16:16","date_gmt":"2017-05-04T17:16:16","guid":{"rendered":"http:\/\/adopteunpervers.fr\/?page_id=4715"},"modified":"2017-05-04T19:16:40","modified_gmt":"2017-05-04T17:16:40","slug":"4715-2","status":"publish","type":"page","link":"http:\/\/adopteunpervers.fr\/?page_id=4715","title":{"rendered":"Zonda"},"content":{"rendered":"<p><img loading=\"lazy\" decoding=\"async\" class=\"size-full wp-image-4716 aligncenter\" src=\"http:\/\/adopteunpervers.fr\/wp-content\/uploads\/2017\/05\/Zonda.jpg\" alt=\"\" width=\"600\" height=\"255\" srcset=\"http:\/\/adopteunpervers.fr\/wp-content\/uploads\/2017\/05\/Zonda.jpg 600w, http:\/\/adopteunpervers.fr\/wp-content\/uploads\/2017\/05\/Zonda-300x128.jpg 300w\" sizes=\"(max-width: 600px) 100vw, 600px\" \/><\/p>\n<h2 style=\"text-align: center;\"><span style=\"color: #b83d3d;\"><strong>Zonda<br \/>\n<\/strong><\/span><\/h2>\n<hr \/>\n<h1 style=\"text-align: center;\"><span style=\"color: #339966;\"><strong>-MANGAS-<\/strong><\/span><\/h1>\n\n<div class=\"sp-wrap sp-wrap-green\">\n<div class=\"sp-head\" title=\"Expand\">\nOffice Lady Netorare\n<\/div>\n<div class=\"sp-body folded\">\n<\/p>\n<div style=\"text-align: center;\">\n<p><a href=\"http:\/\/imagetwist.com\/mefe48xlmzq4\/olntr1.jpg\" target=\"_blank\" rel=\"noopener noreferrer\"><img decoding=\"async\" src=\"http:\/\/img162.imagetwist.com\/th\/15463\/mefe48xlmzq4.jpg\" border=\"0\" \/><\/a> <a href=\"http:\/\/imagetwist.com\/a0w8ij68dog6\/olntr2.jpg\" target=\"_blank\" rel=\"noopener noreferrer\"><img decoding=\"async\" src=\"http:\/\/img162.imagetwist.com\/th\/15463\/a0w8ij68dog6.jpg\" border=\"0\" \/><\/a> <a href=\"http:\/\/imagetwist.com\/4ipp0kie98j7\/olntr3.jpg\" target=\"_blank\" rel=\"noopener noreferrer\"><img decoding=\"async\" src=\"http:\/\/img162.imagetwist.com\/th\/15463\/4ipp0kie98j7.jpg\" border=\"0\" \/><\/a><\/p>\n<hr \/>\n<p><em><strong>Traduction : <span style=\"color: #800000;\">Adopte un pervers <span style=\"color: #008080;\">(depuis le japonais)<\/span><br \/>\n<\/span><\/strong><\/em><\/p>\n<hr \/>\n<p><span style=\"color: #bd3737;\"><strong>R\u00e9sum\u00e9<\/strong><\/span> : Enregistr\u00e9e par une cam\u00e9ra en train de coucher avec son mari dans une salle de conf\u00e9rence, une office lady va \u00eatre victime d&rsquo;un ma\u00eetre chanteur pr\u00eat aux moindres bassesses pour la mettre dans son lit.<\/p>\n<hr \/>\n<h2 style=\"text-align: center;\"><span style=\"color: #6379ba;\"><strong>TAGS<\/strong><\/span><\/h2>\n<p><a href=\"http:\/\/adopteunpervers.fr\/?tag=69\"><img loading=\"lazy\" decoding=\"async\" class=\"alignnone wp-image-3865 size-full\" title=\"69 : position sexuelle o\u00f9 les partenaire se l\u00e8chent les parties g\u00e9nitales simultan\u00e9ment.\" src=\"http:\/\/adopteunpervers.fr\/wp-content\/uploads\/2015\/09\/69.jpg\" alt=\"69\" width=\"45\" height=\"45\" \/><\/a><a href=\"http:\/\/adopteunpervers.fr\/?tag=ahegao\"><img loading=\"lazy\" decoding=\"async\" class=\"alignnone wp-image-3803 size-full\" title=\"Ahegao : expression d\u2019extase plus pouss\u00e9e qu\u2019avec un simple orgasme.\" src=\"http:\/\/adopteunpervers.fr\/wp-content\/uploads\/2015\/09\/ahegao.jpg\" alt=\"ahegao\" width=\"45\" height=\"45\" \/><\/a><a href=\"http:\/\/adopteunpervers.fr\/?tag=chantage\"><img loading=\"lazy\" decoding=\"async\" class=\"alignnone wp-image-3868 size-full\" title=\"Chantage : extorquer quelque chose (comme des rapports sexuels) en mena\u00e7ant la victime.\" src=\"http:\/\/adopteunpervers.fr\/wp-content\/uploads\/2015\/09\/chantage.jpg\" alt=\"chantage\" width=\"45\" height=\"45\" \/><\/a><a href=\"http:\/\/adopteunpervers.fr\/?tag=fellation\"><img loading=\"lazy\" decoding=\"async\" class=\"alignnone wp-image-3800 size-full\" title=\"Fellation : acte consistant \u00e0 prendre le p\u00e9nis d'un homme dans la bouche pour le stimuler.\" src=\"http:\/\/adopteunpervers.fr\/wp-content\/uploads\/2016\/11\/fellation.jpg\" alt=\"fellation\" width=\"45\" height=\"45\" \/><\/a><a href=\"http:\/\/adopteunpervers.fr\/?tag=gros-penis\"><img loading=\"lazy\" decoding=\"async\" class=\"alignnone wp-image-3822 size-full\" title=\"Gros p\u00e9nis : phallus de taille d\u00e9mesur\u00e9e.\" src=\"http:\/\/adopteunpervers.fr\/wp-content\/uploads\/2015\/09\/grospenis.jpg\" alt=\"grospenis\" width=\"45\" height=\"45\" \/><\/a><a href=\"http:\/\/adopteunpervers.fr\/?tag=gros-seins\"><img loading=\"lazy\" decoding=\"async\" class=\"alignnone wp-image-3778 size-full\" title=\"Gros seins : attributs mammaires qui ne laissent pas indiff\u00e9rents\" src=\"http:\/\/adopteunpervers.fr\/wp-content\/uploads\/2016\/11\/groseins.jpg\" alt=\"Gros seins\" width=\"45\" height=\"45\" \/><\/a><a href=\"http:\/\/adopteunpervers.fr\/?tag=infidelite\"><img loading=\"lazy\" decoding=\"async\" class=\"alignnone wp-image-3876 size-full\" title=\"Infid\u00e9lit\u00e9 : Rapport sexuel consenti en dehors du mariage.\" src=\"http:\/\/adopteunpervers.fr\/wp-content\/uploads\/2015\/09\/infid\u00e9lit\u00e9.jpg\" alt=\"infidelite\" width=\"45\" height=\"45\" \/><\/a><a href=\"http:\/\/adopteunpervers.fr\/?tag=lunettes\"><img loading=\"lazy\" decoding=\"async\" class=\"alignnone wp-image-3829 size-full\" title=\"Lunettes : ici, cela fait uniquement r\u00e9f\u00e9rence aux personnages f\u00e9minins \u00e0 lunettes.\" src=\"http:\/\/adopteunpervers.fr\/wp-content\/uploads\/2015\/09\/lunettes.jpg\" alt=\"lunettes\" width=\"45\" height=\"45\" \/><\/a><a href=\"http:\/\/adopteunpervers.fr\/?tag=netorare\"><img loading=\"lazy\" decoding=\"async\" class=\"alignnone wp-image-3886 size-full\" title=\"Netorare : implique souvent du viol\/chantage o\u00f9 un personnage masculin se fait &quot;voler&quot; sa copine par un autre homme.\" src=\"http:\/\/adopteunpervers.fr\/wp-content\/uploads\/2015\/09\/netorare.jpg\" alt=\"netorare\" width=\"45\" height=\"45\" \/><\/a><a href=\"http:\/\/adopteunpervers.fr\/?tag=hotel\"><img loading=\"lazy\" decoding=\"async\" class=\"alignnone wp-image-3873 size-full\" title=\"H\u00f4tel\" src=\"http:\/\/adopteunpervers.fr\/wp-content\/uploads\/2015\/09\/hotel.jpg\" alt=\"hotel\" width=\"45\" height=\"45\" \/><\/a><\/p>\n<\/div>\n<div style=\"text-align: center;\">\n<hr \/>\n<\/div>\n<p><span style=\"color: #008080;\"><strong>T\u00e9l\u00e9chargement <\/strong><\/span> : <a href=\"http:\/\/jheberg.net\/captcha\/zonda-office-lady-netorare-fr-adopte-un-pervers\/\" target=\"_blank\" rel=\"noopener noreferrer\">JHeberg<\/a> &#8211; <a href=\"http:\/\/ul.to\/bdctfase\" target=\"_blank\" rel=\"noopener noreferrer\">Uploaded<\/a> &#8211; <a href=\"https:\/\/www.solidfiles.com\/v\/aWjNLNZjGrVQY\" target=\"_blank\" rel=\"noopener noreferrer\">Solidfiles<\/a><br \/>\n<span style=\"color: #008080;\"><strong>Lecture en ligne <\/strong><\/span> : <a href=\"https:\/\/e-hentai.org\/g\/1058740\/ffe7fb92b7\/\" target=\"_blank\" rel=\"noopener noreferrer\">E-Hentai<\/a><\/p>\n<p>\n<\/div>\n<\/div>\n\n","protected":false},"excerpt":{"rendered":"<p>&#46;&#46;&#46;<\/p>\n","protected":false},"author":1,"featured_media":0,"parent":0,"menu_order":0,"comment_status":"closed","ping_status":"closed","template":"","meta":{"footnotes":""},"_links":{"self":[{"href":"http:\/\/adopteunpervers.fr\/index.php?rest_route=\/wp\/v2\/pages\/4715"}],"collection":[{"href":"http:\/\/adopteunpervers.fr\/index.php?rest_route=\/wp\/v2\/pages"}],"about":[{"href":"http:\/\/adopteunpervers.fr\/index.php?rest_route=\/wp\/v2\/types\/page"}],"author":[{"embeddable":true,"href":"http:\/\/adopteunpervers.fr\/index.php?rest_route=\/wp\/v2\/users\/1"}],"replies":[{"embeddable":true,"href":"http:\/\/adopteunpervers.fr\/index.php?rest_route=%2Fwp%2Fv2%2Fcomments&post=4715"}],"version-history":[{"count":3,"href":"http:\/\/adopteunpervers.fr\/index.php?rest_route=\/wp\/v2\/pages\/4715\/revisions"}],"predecessor-version":[{"id":4719,"href":"http:\/\/adopteunpervers.fr\/index.php?rest_route=\/wp\/v2\/pages\/4715\/revisions\/4719"}],"wp:attachment":[{"href":"http:\/\/adopteunpervers.fr\/index.php?rest_route=%2Fwp%2Fv2%2Fmedia&parent=4715"}],"curies":[{"name":"wp","href":"https:\/\/api.w.org\/{rel}","templated":true}]}}