{"id":27,"date":"2015-01-19T13:10:38","date_gmt":"2015-01-19T12:10:38","guid":{"rendered":"http:\/\/www.adopteunpervers.net\/?page_id=27"},"modified":"2015-01-19T13:10:38","modified_gmt":"2015-01-19T12:10:38","slug":"animes","status":"publish","type":"page","link":"http:\/\/adopteunpervers.fr\/?page_id=27","title":{"rendered":"Vid\u00e9os"},"content":{"rendered":"<p>Les vid\u00e9os que nous partageons sur ce site peuvent se classer en plusieurs cat\u00e9gories, m\u00eame si nous ne prenons en compte que les animes pour adultes. Nous allons essayer de vous expliquer notre vision des choses le plus simplement possible \u00e0 travers ces quelques lignes qui vont suivre.<\/p>\n<h1><span style=\"color: #629e4a;\"><strong>Les animes Hentai<\/strong><\/span><\/h1>\n<p>Tout d&rsquo;abord, nous n&rsquo;allons pas nous lancer sur le sujet du \u00ab\u00a0on ne dit pas un Hentai\u00a0\u00bb car un autre article en parlera plus en d\u00e9tail.<br \/>\nSachez juste que les animes H classiques sortent chaque mois au Japon en DVD, contrairement aux \u00e9pisodes d&rsquo;animes tout public diffus\u00e9s \u00e0 la t\u00e9l\u00e9vision de fa\u00e7on hebdomadaire et que vous visionnez sur vos plateformes favorites. De fa\u00e7on g\u00e9n\u00e9rale, un \u00e9pisode est vendu aux alentours de 20-30\u20ac quand on fait la conversion depuis le yen.<\/p>\n<p>Seuls les animes dont les droits d&rsquo;exploitation ont \u00e9t\u00e9 n\u00e9goci\u00e9 avec des pays \u00e9trangers peuvent \u00eatre revendus sans leur censure. Malheureusement, les animes concern\u00e9s souffrent d&rsquo;une qualit\u00e9 vid\u00e9o et audio d\u00e9plorable dans 90% des cas. Soit l&rsquo;anime est censur\u00e9 avec une bonne qualit\u00e9, soit il est non censur\u00e9 mais avec une qualit\u00e9 \u00e0 s&rsquo;en arracher les yeux.<\/p>\n<h1><span style=\"color: #629e4a;\"><strong>Les vid\u00e9os 3D<\/strong><\/span><\/h1>\n<p>Divis\u00e9es entre parodies et vid\u00e9os originales, les vid\u00e9os 3D sont d\u00e9velopp\u00e9es par des groupes amateurs et pro \u00e0 travers le globe. Contrairement aux animes H qui sont une particularit\u00e9 quasi-asiatique (on a eu droit \u00e0 quelques horreurs am\u00e9ricaines) la 3D est d\u00e9velopp\u00e9e par des gens de toutes origines.<\/p>\n<p>Tr\u00e8s peu souvent traduites, m\u00eame en anglais, nous allons essayer de traduire certaines vid\u00e9os directement depuis le japonais comme pour les animes H ou le porno japonais.<\/p>\n<h1><span style=\"color: #629e4a;\"><strong>Le porno japonais<\/strong><\/span><\/h1>\n<p>Oui, tout le porno n&rsquo;est pas forc\u00e9ment tr\u00e8s utile \u00e0 traduire, mais cela permet de se faire les dents pour d\u00e9velopper ses connaissances dans d&rsquo;autres langues. Traduire du porno et des animes H depuis le japonais nous aide \u00e0 am\u00e9liorer notre ma\u00eetrise de la langue.<br \/>\nLe porno n&rsquo;\u00e9tant pas notre priorit\u00e9 et que nous travaillons avec un traducteur ext\u00e9rieur au groupe sur ces projets, les vid\u00e9os sortiront \u00e0 un rythme irr\u00e9gulier ou les films ne seront pas tous traduits en int\u00e9gralit\u00e9. Entre les films Gonzo (sc\u00e8nes de cul sans introduction) ou les films qui n&rsquo;ont aucune trame principale, il se peut que seulement une sc\u00e8ne ou deux soit traduite car elle a attir\u00e9 notre attention.<br \/>\nOn peut se dire que le porno n&rsquo;a aucun int\u00e9r\u00eat car ce n&rsquo;est que du cul et basta, sauf que certains films sont d\u00e9lirants, amusants ou avec des choses que l&rsquo;on ne voit pas dans les productions am\u00e9ricaines.<\/p>\n<p>Beaucoup de films pornos japonais sont infest\u00e9s de logo, adresses, watermark et autres cochonneries. Notre but sera de trouver des films sans ces horreurs m\u00eame si cela semble quasiment impossible car m\u00eame les revendeurs imposent un petit logo transparent. Mais entre un petit logo et des caract\u00e8res de tous les c\u00f4t\u00e9s, le choix sera vite fait.<\/p>\n","protected":false},"excerpt":{"rendered":"<p>&#46;&#46;&#46;<\/p>\n","protected":false},"author":1,"featured_media":0,"parent":0,"menu_order":0,"comment_status":"open","ping_status":"open","template":"","meta":{"footnotes":""},"_links":{"self":[{"href":"http:\/\/adopteunpervers.fr\/index.php?rest_route=\/wp\/v2\/pages\/27"}],"collection":[{"href":"http:\/\/adopteunpervers.fr\/index.php?rest_route=\/wp\/v2\/pages"}],"about":[{"href":"http:\/\/adopteunpervers.fr\/index.php?rest_route=\/wp\/v2\/types\/page"}],"author":[{"embeddable":true,"href":"http:\/\/adopteunpervers.fr\/index.php?rest_route=\/wp\/v2\/users\/1"}],"replies":[{"embeddable":true,"href":"http:\/\/adopteunpervers.fr\/index.php?rest_route=%2Fwp%2Fv2%2Fcomments&post=27"}],"version-history":[{"count":0,"href":"http:\/\/adopteunpervers.fr\/index.php?rest_route=\/wp\/v2\/pages\/27\/revisions"}],"wp:attachment":[{"href":"http:\/\/adopteunpervers.fr\/index.php?rest_route=%2Fwp%2Fv2%2Fmedia&parent=27"}],"curies":[{"name":"wp","href":"https:\/\/api.w.org\/{rel}","templated":true}]}}